609?
423
Calculate the greatest common divisor of 12518 and 22.
22
What is the greatest common divisor of 246 and 453?
3
Calculate the greatest common factor of 6675 and 48.
3
Calculate the greatest common factor of 28543 and 1173.
391
What is the greatest common factor of 142668 and 243?
27
Calculate the greatest common factor of 384 and 39040.
128
Calculate the highest common divisor of 13 and 333879.
13
What is the highest common factor of 319 and 4988?
29
Calculate the highest common divisor of 718802 and 14.
14
What is the greatest common factor of 56 and 4664?
8
Calculate the highest common divisor of 350 and 338065.
35
What is the highest common factor of 105797 and 2585?
47
What is the highest common factor of 753388 and 23?
23
What is the greatest common factor of 38 and 20102?
38
What is the greatest common factor of 961249 and 67?
67
Calculate the highest common factor of 6698 and 42552.
394
Calculate the greatest common divisor of 7329 and 52001.
349
What is the highest common factor of 113 and 14379137?
113
What is the greatest common factor of 171859 and 712?
89
What is the highest common factor of 1246 and 3827?
89
Calculate the highest common factor of 462 and 33873.
21
What is the greatest common factor of 1159182 and 117?
9
Calculate the highest common factor of 786 and 174.
6
Calculate the greatest common divisor of 1712 and 1168.
16
What is the highest common divisor of 251 and 142819?
251
What is the highest common divisor of 236028 and 312?
156
What is the greatest common factor of 1330 and 30970?
190
What is the highest common factor of 27444 and 228?
12
Calculate the greatest common factor of 59 and 62.
1
What is the greatest common factor of 2343 and 66?
33
What is the highest common divisor of 2353 and 62626?
181
Calculate the highest common divisor of 94 and 1289492.
94
Calculate the highest common factor of 124 and 1395.
31
What is the highest common factor of 3803 and 44?
1
Calculate the greatest common divisor of 3632 and 25651.
227
What is the greatest common factor of 7170 and 4305?
15
What is the greatest common divisor of 160 and 805?
5
Calculate the highest common divisor of 90774 and 216.
54
Calculate the greatest common divisor of 178198 and 417.
139
What is the highest common divisor of 15462 and 63?
9
Calculate the highest common divisor of 175 and 38857.
7
What is the greatest common factor of 3621 and 4260?
213
Calculate the greatest common factor of 119623 and 3703.
161
Calculate the highest common factor of 239790 and 150.
30
Calculate the highest common divisor of 10731 and 2847.
219
Calculate the highest common divisor of 1424 and 232.
8
What is the greatest common factor of 8470 and 434?
14
What is the highest common factor of 36582 and 1005?
201
What is the greatest common factor of 720 and 19500?
60
What is the highest common divisor of 240516 and 765?
153
What is the highest common divisor of 24297 and 190827?
273
Calculate the greatest common factor of 14060 and 1480.
740
What is the greatest common divisor of 2977 and 26429?
13
What is the highest common divisor of 325057 and 153?
17
Calculate the highest common divisor of 24570 and 39.
39
What is the greatest common divisor of 72 and 50376?
24
Calculate the greatest common factor of 405 and 7839.
9
What is the highest common divisor of 130 and 657670?
130
Calculate the greatest common factor of 452574 and 255.
51
What is the highest common factor of 1256 and 23707?
157
What is the greatest common divisor of 1209 and 78468?
39
What is the greatest common factor of 283788 and 144?
36
Calculate the greatest common divisor of 24 and 1773768.
24
Calculate the highest common factor of 35721 and 1176.
147
What is the highest common divisor of 9375 and 795?
15
Calculate the greatest common factor of 37901 and 753.
251
Calculate the greatest common divisor of 127 and 626.
1
What is the greatest common factor of 304 and 487027?
19
Calculate the greatest common divisor of 60 and 4434.
6
Calculate the greatest common factor of 7755 and 11374.
517
What is the greatest common divisor of 17236879 and 277?
277
Calculate the greatest common factor of 69 and 217074.
69
Calculate the greatest common divisor of 166048 and 224.
32
Calculate the highest common divisor of 5355 and 1106955.
765
Calculate the highest common divisor of 256 and 58.
2
Calculate the greatest common divisor of 4791 and 129.
3
Calculate the highest common divisor of 33 and 308759.
11
Calculate the highest common divisor of 9523060 and 37.
37
What is the greatest common divisor of 45 and 187200?
45
What is the highest common factor of 540 and 2106?
54
What is the highest common divisor of 635952 and 48?
48
What is the greatest common factor of 502578 and 681?
681
Calculate the greatest common divisor of 192 and 334548.
12
Calculate the greatest common factor of 32 and 555488.
32
What is the greatest common factor of 201 and 563403?
201
What is the greatest common divisor of 27 and 553977?
9
Calculate the highest common divisor of 17346 and 2744.
98
What is the highest common factor of 3211 and 3718?
169
What is the greatest common factor of 429 and 207103?
13
What is the highest common factor of 3 and 8499?
3
Calculate the highest common divisor of 155 and 78290.
5
Calculate the greatest common divisor of 312 and 2410668.
156
Calculate the greatest common divisor of 434 and 746.
2
Calculate the highest common factor of 149632 and 400.
16
What is the highest common factor of 1503 and 2171?
167
What is the highest common divisor of 26378 and 242?
242
Calculate the highest common divisor of 457 and 58.
1
What is the greatest common factor of 10877 and 1341?
149
Calculate the greatest common divisor of 163 and 369847.
163
Calculate the highest common divisor of 576 and 102464.
64
What is the highest common divisor of 520 and 4711096?
104
Calculate the greatest common factor of 51 and 3441.
3
What is the greatest common factor of 525 and 8211?
21
Calculate the highest common factor of 17066 and 698222.
742
What is the highest common divisor of 73 and 185347?
73
Calculate the greatest common divisor of 445383 and 656.
41
Calculate the highest common factor of 1360 and 89840.
80
Calculate the highest common factor of 7038 and 48024.
414
Calculate the greatest common factor of 233768 and 384.
8
What is the highest common factor of 4884 and 18128?
44
What is the highest common divisor of 90798 and 444?
222
What is the highest common divisor of 85707 and 13617?
801
Calculate the highest common divisor of 22170 and 24.
6
Calculate the highest common divisor of 11066 and 72432.
1006
Calculate the greatest common divisor of 36839 and 3553.
187
What is the highest common factor of 3 and 467352?
3
Calculate the greatest common factor of 7 and 153783.
7
Calculate the greatest common divisor of 304 and 95912.
152
What is the highest common divisor of 6560 and 26080?
160
What is the greatest common divisor of 251465 and 665?
95
Calculate the greatest common divisor of 44 and 329560.
44
Calculate the greatest common factor of 185 and 152255.
185
What is the greatest common divisor of 27 and 68850?
27
Calculate the highest common divisor of 406532 and 28.
28
What is the highest common divisor of 188 and 163560?
188
Calculate the greatest common divisor of 25392 and 25152.
48
Calculate the greatest common factor of 1025 and 575.
25
What is the highest common divisor of 459 and 4998?
51
Calculate the highest common factor of 213 and 44020.
71
Calculate the highest common divisor of 385452 and 3.
3
Calculate the highest common factor of 17940 and 23460.
1380
What is the highest common divisor of 21070 and 430?
430
Calculate the highest common factor of 656262 and 162.
162
What is the greatest common factor of 17530 and 10?
10
Calculate the highest common divisor of 468380 and 220.
220
Calculate the greatest common divisor of 9855 and 918.
27
What is the greatest common factor of 14 and 181426?
14
What is the highest common divisor of 3914 and 8664?
38
What is the greatest common divisor of 1355076 and 84?
12
Calculate the highest common divisor of 435 and 47589.
87
Calculate the greatest common factor of 2 and 1270.
2
What is the highest common divisor of 757005 and 9?
3
Calculate the greatest common divisor